e factors of 583141?
13, 31, 1447
List the prime factors of 793795.
5, 158759
What are the prime factors of 2029370?
2, 5, 7, 53, 547
What are the prime factors of 583328?
2, 18229
What are the prime factors of 1034257?
7, 71, 2081
What are the prime factors of 242596?
2, 60649
List the prime factors of 3144698.
2, 23, 137, 499
What are the prime factors of 451457?
43, 10499
What are the prime factors of 9293454?
2, 3, 57367
What are the prime factors of 1441119?
3, 480373
What are the prime factors of 20088551?
7, 2869793
List the prime factors of 10446572.
2, 2611643
What are the prime factors of 52211?
109, 479
What are the prime factors of 3951148?
2, 239, 4133
What are the prime factors of 12148951?
1567, 7753
What are the prime factors of 4666548?
2, 3, 388879
What are the prime factors of 580355?
5, 19, 41, 149
What are the prime factors of 10088727?
3, 11, 305719
What are the prime factors of 7921310?
2, 5, 792131
List the prime factors of 651223.
651223
What are the prime factors of 231156?
2, 3, 6421
What are the prime factors of 226276?
2, 56569
List the prime factors of 6350313.
3, 19, 111409
List the prime factors of 3165940.
2, 5, 59, 2683
List the prime factors of 72332.
2, 13, 107
List the prime factors of 3944834.
2, 1972417
List the prime factors of 4808397.
3, 11, 145709
List the prime factors of 4956665.
5, 7, 141619
List the prime factors of 10709851.
829, 12919
What are the prime factors of 3838683?
3, 1279561
List the prime factors of 673779.
3, 107, 2099
List the prime factors of 14155705.
5, 2831141
What are the prime factors of 86373?
3, 7, 457
List the prime factors of 5317264.
2, 19, 17491
What are the prime factors of 17620?
2, 5, 881
List the prime factors of 1242248.
2, 7, 3169
What are the prime factors of 3755546?
2, 1877773
List the prime factors of 1271219.
359, 3541
What are the prime factors of 938554?
2, 163, 2879
What are the prime factors of 88754?
2, 199, 223
List the prime factors of 869842.
2, 434921
List the prime factors of 549829.
7, 229
What are the prime factors of 6751922?
2, 3375961
What are the prime factors of 969928?
2, 31, 3911
List the prime factors of 5715147.
3, 1905049
List the prime factors of 1423887.
3, 474629
What are the prime factors of 256815?
3, 5, 13, 439
What are the prime factors of 409117?
599, 683
What are the prime factors of 4909359?
3, 7, 13, 367
List the prime factors of 4859732.
2, 1214933
List the prime factors of 96991.
23, 4217
What are the prime factors of 975990?
2, 3, 5, 32533
List the prime factors of 7742695.
5, 1548539
List the prime factors of 3703576.
2, 462947
What are the prime factors of 129719?
129719
What are the prime factors of 1519580?
2, 5, 75979
What are the prime factors of 5553522?
2, 3, 13, 293
List the prime factors of 13651922.
2, 61, 317, 353
List the prime factors of 634067.
7, 239, 379
What are the prime factors of 2533559?
7, 53, 6829
List the prime factors of 657559.
7, 93937
What are the prime factors of 2886494?
2, 13, 67, 1657
List the prime factors of 519117.
3, 173039
List the prime factors of 268074.
2, 3, 53, 281
List the prime factors of 1631354.
2, 17, 47981
List the prime factors of 767487.
3, 7, 23, 227
List the prime factors of 958710.
2, 3, 5, 31957
What are the prime factors of 2433826?
2, 1216913
What are the prime factors of 3477589?
19, 103, 1777
List the prime factors of 28898.
2, 14449
List the prime factors of 738314.
2, 311, 1187
List the prime factors of 508143.
3, 107, 1583
What are the prime factors of 3652301?
251, 14551
List the prime factors of 8957629.
8957629
What are the prime factors of 44544?
2, 3, 29
List the prime factors of 103616.
2, 1619
What are the prime factors of 563858?
2, 257, 1097
List the prime factors of 19468627.
19468627
List the prime factors of 197968.
2, 12373
List the prime factors of 1830893.
1097, 1669
List the prime factors of 22932465.
3, 5, 1528831
List the prime factors of 25890552.
2, 3, 109, 3299
What are the prime factors of 1572648?
2, 3, 7, 11, 23, 37
What are the prime factors of 1750139?
23, 47, 1619
List the prime factors of 212014.
2, 11, 23, 419
List the prime factors of 6348354.
2, 3, 1058059
List the prime factors of 626781.
3, 208927
List the prime factors of 362857.
11, 32987
List the prime factors of 254240.
2, 5, 7, 227
List the prime factors of 296129.
296129
List the prime factors of 1896717.
3, 157, 4027
List the prime factors of 2432303.
239, 10177
What are the prime factors of 3446245?
5, 11, 62659
List the prime factors of 1533450.
2, 3, 5, 10223
What are the prime factors of 224386?
2, 151, 743
What are the prime factors of 273092?
2, 67, 1019
What are the prime factors of 12951480?
2, 3, 5, 37, 2917
List the prime factors of 239333.
239333
List the prime factors of 11252064.
2, 3, 117209
List the prime factors of 498477.
3, 7, 3391
List the prime factors of 11612371.
727, 15973
List the prime factors of 8316053.
19, 437687
List the prime factors of 41514536.
2, 7, 47, 15773
What are the prime factors of 653434?
2, 157, 2081
What are the prime factors of 32576402?
2, 16288201
List the prime factors of 5850916.
2, 419, 3491
What are the prime factors of 6482400?
2, 3, 5, 37, 73
List the prime factors of 1811136.
2, 3, 9433
What are the prime factors of 324092?
2, 81023
What are the prime factors of 2892834?
2, 3, 7, 2551
List the prime factors of 11974869.
3, 1330541
List the prime factors of 72059.
13, 23, 241
What are the prime factors of 2210048?
2, 89, 97
What are the prime factors of 235627?
7, 41, 821
What are the prime factors of 4392707?
11, 241, 1657
List the prime factors of 1287922.
2, 643961
What are the prime factors of 3060435?
3, 5, 7, 29147
What are the prime factors of 423099?
3, 53, 887
List the prime factors of 29556.
2, 3, 821
List the prime factors of 8813802.
2, 3, 1468967
What are the prime factors of 2148128?
2, 67129
What are the prime factors of 8598?
2, 3, 1433
What are the prime factors of 1073370?
2, 3, 5, 37, 967
List the prime factors of 1987004.
2, 383, 1297
What are the prime factors of 235139?
83, 2833
What are the prime factors of 1671458?
2, 31, 26959
What are the prime factors of 8378500?
2, 5, 13, 1289
List the prime factors of 1514411.
17, 89083
List the prime factors of 1525076.
2, 7, 31, 251
List the prime factors of 296054.
2, 11, 13457
List the prime factors of 1729629.
3, 11, 17471
List the prime factors of 669681.
3, 17, 1459
List the prime factors of 1477243.
31, 47653
List the prime factors of 10120366.
2, 1399, 3617
List the prime factors of 278346.
2, 3, 23, 2017
What are the prime factors of 1357423?
1357423
What are the prime factors of 785694?
2, 3, 7, 13, 1439
What are the prime factors of 7383496?
2, 59, 15643
What are the prime factors of 4905173?
7, 13, 19, 2837
What are the prime factors of 2204023?
2204023
What are the prime factors of 199728?
2, 3, 19, 73
List the prime factors of 14040001.
14040001
What are the prime factors of 27235?
5, 13, 419
What are the prime factors of 1701198?
2, 3, 29, 3259
List the prime factors of 1123186.
2, 431, 1303
What are the prime factors of 152242?
2, 163, 467
List the prime factors of 4177.
4177
What are the prime factors of 1943218?
2, 809, 1201
What are the prime factors of 221525?
5, 8861
List the prime factors of 24917983.
37, 673459
What are the prime factors of 532551?
3, 19, 9343
What are the prime factors of 627125?
5, 29, 173
What are the prime factors of 267657?
3, 13, 6863
What are the prime factors of 16449?
3, 5483
What are the prime factors of 8528390?
2, 5, 13, 17, 227
List the prime factors of 156414.
2, 3, 131, 199
List the prime factors of 1104163.
211, 5233
List the prime factors of 1141425.
3, 5, 19, 89
List the prime factors of 3767442.
2, 3, 7, 271, 331
What are the prime factors of 371147?
7, 37, 1433
List the prime factors of 2223149.
2223149
List the prime factors of 10018893.
3, 181, 18451
List the prime factors of 348347.
17, 31, 661
What are the prime factors of 1872376?
2, 11, 21277
List the prime factors of 1486510.
2, 5, 43, 3457
What are the prime factors of 315995?
5, 63199
List the prime factors of 5863281.
3, 1954427
List the prime factors of 240287.
240287
What are the prime factors of 1873159?
1873159
What are the prime fact